92. What is the units digit of q?
8
Let g(x) = 6*x**3 - 2*x**2 + 4*x. Let f be g(3). Suppose 4*r - 140 = f. What is the tens digit of r?
7
Let r be ((-10)/4)/(6/12). Let f = 9 + r. What is the units digit of f?
4
Let p(h) = 3*h**2 + 5*h + 11. Let a(c) = -2*c**2 - 3*c - 6. Let r(q) = 11*a(q) + 6*p(q). Let u be r(-5). Let z = -61 - u. What is the units digit of z?
4
Let i = 26 - 26. Suppose i*f + 426 = 3*f - 4*r, -r = -3. What is the units digit of f?
6
Suppose 0 = 3*u + t - 725, 0 = 8*u - 13*u + 5*t + 1235. What is the tens digit of u?
4
Let l(x) = x**2 - 5*x + 7. Let p be l(4). Suppose -p*o - 461 = -4*c, 3*c = 8*c - o - 579. What is the hundreds digit of c?
1
Suppose 28*y = 10*y + 16272. What is the tens digit of y?
0
Suppose 0 = -5*h + 2*b + 1224, 14*h - 10*h - 986 = 5*b. What is the units digit of h?
4
Suppose -2*l + 22 = -3*p, 2*p + 4*l - 4 = -8. What is the hundreds digit of p/(-33) - (-14574)/66?
2
Let o(k) = -k**3 - k**2 + k + 5. Let a be o(0). Suppose -a*s - 112 = b, -3*s + 0*b = -5*b + 84. Let c = -17 - s. What is the units digit of c?
6
Let g be (-48)/20*10*-3. Let w = 102 - g. What is the units digit of w?
0
Suppose 3*u + a - 44 = 0, 0*a + 4*a - 36 = -2*u. What is the units digit of u?
4
Let d(z) = -z**3 - 16*z**2 - 8*z - 12. Let a be d(-16). Suppose l = 5*l - a. What is the tens digit of l?
2
Let o = -91 + 95. Suppose -o*c + 271 = -29. What is the tens digit of c?
7
Let y(t) = -t**3 - 18*t**2 + 11*t - 9. What is the tens digit of y(-20)?
7
Let s be ((-44)/(-10)*(-15)/3)/(-2). Suppose -w - 4*t = -56, -5*w + 2*t + s + 225 = 0. What is the units digit of w?
8
Suppose -8 = -5*x + 27. Let j(n) = 1 - 3*n - 8*n - 15 + 16*n. What is the units digit of j(x)?
1
Let g(y) = -1 + 11*y - 11*y - 114*y**3. What is the tens digit of g(-1)?
1
Suppose 0 = -19*h + 18*h + 565. What is the units digit of h?
5
Suppose 4 = -2*k + 3*a, -k + 24 = 2*a + 3*a. Let v(i) = 4*i**2 + 2*i**2 - 4 + 2*i - 8*i - k*i**2. What is the units digit of v(5)?
6
Let d(j) be the second derivative of j**4/4 - 2*j**3 - 9*j**2 + 13*j. What is the tens digit of d(9)?
1
Let z(t) = 23*t + 4. Let g be z(1). Suppose -g = -6*y + 105. What is the tens digit of y?
2
Let c(p) = 2*p**2 + 5*p. Let z be c(-4). Suppose -224 = 5*v - z*v. What is the units digit of v?
2
Suppose 2*r + 60 = -14. Suppose 31*o = 2391 - 190. Let t = r + o. What is the tens digit of t?
3
Let f(x) = x**3 + 9*x**2 - 14*x - 12. Suppose 3*h = -3*o - 36, -h + 3*o - 1 = 3. What is the units digit of f(h)?
8
Let s(g) = 5*g. Let w(t) = 10*t. Let k(y) = 5*s(y) - 3*w(y). Let c be k(2). Let f(b) = -b**3 - 11*b**2 - 11*b + 2. What is the tens digit of f(c)?
1
Let z(l) = 59*l. Suppose 5*a - 5*f = 5, 9 = -5*a - 3*f - 2. Let v be z(a). Let g = 105 + v. What is the units digit of g?
6
Let w = 285 - 166. Suppose 4*x - 1 - w = 0. What is the units digit of x?
0
Suppose 3*x - 20 + 8 = 0. Suppose -3*a = -x*j - 34, 20 = 5*a - 4*j - 50. Let n = a - 10. What is the units digit of n?
8
Let f(c) = c**2 - 8*c - 9. Let p be f(9). Suppose 2*z + 2*v = 76, -2*v - 76 = -2*z - p*v. What is the units digit of z?
8
Suppose 9*r = 6*r - 2*w + 11800, -2*r + 7872 = -4*w. What is the tens digit of r?
3
Suppose 0 = 3*o - 15, -4635 = -5*t - 4*o - 1270. What is the tens digit of t?
6
Let t(j) = -j**3 - 6*j**2 + 8*j + 11. Let i be t(-7). Suppose -3*g - 5*a = 0, -i*g = -5*g + 3*a. Suppose g = l - 56 + 1. What is the units digit of l?
5
What is the tens digit of ((-2)/2)/(((-3)/3)/1458)?
5
Let a be 3/(-4)*-64*3. Let k = -94 + a. What is the tens digit of k?
5
Suppose -4*q - z = -580, 5*q - z - 742 = 2*z. Suppose q = 3*l - l - 4*t, -l = -4*t - 75. What is the units digit of l?
1
Let z be 12/(-15)*100/(-8). Let j be 4/z + 4/(-10). Suppose 3*x + j*x = -3*l + 45, 0 = 4*x + 12. What is the units digit of l?
8
Suppose 2*x - 12416 + 3594 = -2*g, 4*x - g = 17649. What is the units digit of x?
2
Suppose -4*o = -0*o + a - 3153, 3*a + 785 = o. What is the units digit of o?
8
Let y be (-2)/(1*4/(-48)). Let a be 50*(-2 + y/15). Let r = a + 29. What is the units digit of r?
9
Let w = -758 - -1188. What is the units digit of w?
0
What is the tens digit of (-531)/18*(-27 - 0 - -3)?
0
Let g be (0 - -6)*(-20)/(-30). Suppose -g*a = a - 25. What is the units digit of a?
5
Let z be (-19)/(-3) - 7/21. Suppose 4*h - z*h = p - 103, 4*p - 5*h - 360 = 0. Suppose -97 = -4*a + p. What is the units digit of a?
8
Let p = 5 - 5. Suppose p*g - 25 = -g. Let q = 0 + g. What is the units digit of q?
5
Let i be 1*14*75/(-30). What is the units digit of i/(-21)*(-66)/(-2)?
5
What is the hundreds digit of 0/(8/2 - 5) - -769?
7
Suppose -3*v + 0*c = 5*c + 10, -c - 2 = -4*v. Let m = 21 - -6. Suppose 3*k + 0*k - m = v. What is the units digit of k?
9
Let y = -13 + -2. Let f be (18/27)/((-2)/y). Suppose 0 = -f*b + 114 + 136. What is the units digit of b?
0
Let k be 15/10 + 42/4. Let j = k - 5. What is the tens digit of 3/(j/(1218/9))?
5
Let x be 2/((-8)/(-6))*12. What is the tens digit of 15/x*-76*(-12)/10?
7
Suppose x = -3*x + 20. Suppose -585 = -8*d + x*d. What is the tens digit of d/10*(-4)/(-3)?
2
Let h(v) be the second derivative of -9*v**3/2 - 7*v**2/2 - 36*v. What is the hundreds digit of h(-7)?
1
Let x(t) = -79*t - 53. What is the tens digit of x(-3)?
8
Suppose 0 = 8*j - 252 - 2900. What is the hundreds digit of j?
3
What is the tens digit of ((-13623)/76)/((-1)/(24/9))?
7
Let r(h) = h**3 - 26*h**2 + 2*h + 97. What is the units digit of r(26)?
9
Let d = 257 + 2149. What is the thousands digit of d?
2
Let h(z) = z**2 - 5*z + 6. Let g be h(4). Suppose -5*p - 225 = -g*p. Let k = p + 108. What is the units digit of k?
3
Let v(b) = b**2 - 13*b + 25. Let x be v(11). Let i = -1 - -2. Let m = x + i. What is the units digit of m?
4
Let f be (-1)/3 - (-905)/15. Suppose -2*o = 2*p - f, o - 5*p - 52 - 8 = 0. What is the units digit of o?
5
Suppose 5*c + 3*q - 46 = 0, -15*c - 5*q = -19*c + 59. What is the tens digit of c?
1
Suppose -9*j + 27 = -162. Let w = j - -106. What is the tens digit of w?
2
Suppose 4*q = 5*y - 404, -4*y + 90 = -2*q + q. Let j = q + 57. What is the tens digit of (j/(-14))/((-1)/(-8))?
2
Suppose 2*l - 6 = -y - 2*y, -2*l + 2 = y. Let k = 20 + -34. What is the units digit of ((-7)/k)/(y/76)?
9
What is the hundreds digit of (2/(-5))/(((-3)/1)/1695)?
2
Let k = 58 + -50. Let c(d) = d**3 - 10*d**2 + 35*d - 5. What is the hundreds digit of c(k)?
1
Let n(x) = -x**2 - 5*x - 5. Let v be n(-4). Let h be (-4)/(v*2/(-2)). Let j(k) = -5*k - 6. What is the units digit of j(h)?
4
Let b(k) = 2*k**2 + k - 1. Let i be b(1). Let h be 6 - (1 + (4 - 2)). What is the tens digit of h*(-3 + i) + 27?
2
Let p = 17 - -14. Let m = 31 - p. Suppose 7*b - 9*b + 30 = m. What is the units digit of b?
5
Let p = 43 - 93. What is the tens digit of (-4)/10 - 7070/p?
4
Let s(i) = -i**3 - 4*i**2 - 2*i - 3. Let d be s(-4). Suppose 3*j - d*w = -7 + 40, j + 2*w = 0. Suppose 10*r = j*r + 100. What is the units digit of r?
5
Suppose 13*x - 11*x = -4, 4*z - 4*x - 5156 = 0. What is the units digit of z?
7
Suppose -5*b + 549 = -2*b - 3*t, -4*t = 3*b - 528. Suppose 0 = -0*k + k - b. Let a = k + -122. What is the units digit of a?
8
Let l(x) = -x**2 - 4*x - 2. Let o = -9 + 0. Let w be -3 + 0 + o + 9. What is the units digit of l(w)?
1
Let b be ((-140)/(-10))/(2/(-7)). Let h = 73 + b. What is the units digit of h?
4
Let f = 706 + -297. What is the tens digit of f?
0
Suppose -2*a = 10 - 18. Suppose -39 = -k - 2*j, -4*j = 3*k - a*k + 21. What is the tens digit of k?
3
Let r be (13/(-13))/(2/(-16)). What is the units digit of ((-616)/r)/(-7)*16/2?
8
Suppose -15*x = -14358 - 11817. What is the units digit of x?
5
Suppose -2*w - 3*n = -716, 0 = w + n - 3*n - 344. What is the units digit of 0 + (-5)/((-20)/w)?
8
Let a(v) = -v**2 + 18*v - 44. Let d be a(13). Suppose -5*o + 5*n + 5 = 3*n, -5*n + 1 = o. Let m = d + o. What is the tens digit of m?
2
Let s(k) = -4*k**2 + k + 3. Let r be s(3). Let j be (-6)/5*r/12. Suppose 0 = -2*a - j + 15. What is the units digit of a?
6
Suppose 21*a = -6324 + 60189. What is the thousands digit of a?
2
What is the hundreds digit of 453*((0 - (-30)/(-9)) + 4)?
3
Let w = 39 + 1. Suppose w = -4*t + 284. Suppose 3*s - t = -16. What is the tens digit of s?
1
Let c(l) = -l**3 + 5*l**2 - l - 5. Let s be c(5). Let g(